l(c) = 9*c**2 + 40*c + 6. Calculate l(-4).
-10
Let v(u) = u**3 - 12*u**2 + 4*u - 10. What is v(12)?
38
Let o(d) = -157*d**3 - 2*d**2 + d - 1. Determine o(1).
-159
Let r(d) = -3*d + 7. Determine r(13).
-32
Let l(k) = -59*k - 650. Calculate l(-11).
-1
Let x(h) = h**2 - 3*h - 2. Calculate x(3).
-2
Let o(s) = -s**3 - 5*s**2 - 6*s - 6. Calculate o(-5).
24
Let z(t) = 4*t + 58. Determine z(-11).
14
Let t(o) = -8*o + 2. Determine t(1).
-6
Let q(r) = 13*r**3 - 3*r**2 - 2*r - 1. Determine q(-1).
-15
Let i(f) = -21*f**3 - 2*f + 1. Determine i(1).
-22
Let r(q) = q**3 + 5*q**2 - 3*q - 6. What is r(-5)?
9
Let m(n) = n**2 + 6*n + 1. Calculate m(-8).
17
Let m(d) = d**3 - 17*d**2 + 17*d - 19. Calculate m(16).
-3
Let a(q) = -q**3 - 4*q**2 + 18*q + 10. Calculate a(-7).
31
Let f(u) = -u**3 - 9*u**2 - u - 3. Determine f(-9).
6
Let c(u) = -u**2 + u + 26. What is c(13)?
-130
Let o(g) = -3*g**2 + 18*g + 12. What is o(6)?
12
Let p(i) = 6*i - 17. Determine p(3).
1
Let t(h) = -h**3 + h + 7. Give t(0).
7
Let f(l) = 7*l + 124. Give f(-16).
12
Let l(b) = -18*b + 43. Calculate l(2).
7
Let c(k) = 126*k + 1257. What is c(-10)?
-3
Let m(q) = -q**3 + 10*q**2 + 23*q + 5. Determine m(12).
-7
Let r(c) = -12*c + 83. Calculate r(8).
-13
Let p(b) = 6*b - 1. Determine p(-1).
-7
Let g(s) = 2*s**3 - 11*s**2 - 11*s + 32. What is g(6)?
2
Let q(t) = -5*t**2 + 121*t - 17. Give q(24).
7
Let z(l) = -l**2 + 4*l + 40. What is z(10)?
-20
Let o(w) = -w**3 - 11*w**2 + 13*w + 14. What is o(-12)?
2
Let k(c) = c**3 + 5*c**2 + c + 4. Give k(-4).
16
Let w(q) = 26*q - 1. Give w(2).
51
Let g(r) = r**2 + r + 1. Give g(1).
3
Let x(v) = v**3 - 2*v**2 + 4*v - 3. Give x(3).
18
Let h(g) = -2*g. What is h(-4)?
8
Let y(s) = s - 12. What is y(7)?
-5
Let g(q) = -q**2 + 21*q - 46. Determine g(3).
8
Let l(k) = 2*k + 6. What is l(6)?
18
Let q(w) = -w**2 + w + 2. What is q(-6)?
-40
Let k(m) = -m**2 + 10*m + 1. Give k(11).
-10
Let m(q) = -4*q - 33. Give m(6).
-57
Let o(l) = -l**3 + 10*l**2 + 9*l + 15. Determine o(11).
-7
Let i(y) = -y**3 - 8*y**2 - 6*y - 11. Give i(-7).
-18
Let d(t) = -t**3 + 8*t**2 + 40*t - 74. Determine d(11).
3
Let r(f) = -f**2 + 4*f + 162. Determine r(-11).
-3
Let o(q) = -q**3 + 6*q**2 + 16*q + 30. Calculate o(8).
30
Let i(t) = -t**2 + 16*t + 9. What is i(16)?
9
Let s(b) = -6*b**3 + 28*b**2 + 12*b - 8. Give s(5).
2
Let t(a) = 3*a**3 + a**2 - 1. Calculate t(-1).
-3
Let x(z) = z**2 + 21*z + 6. Give x(-19).
-32
Let q(c) = 55*c - 820. Determine q(15).
5
Let l(j) = -12*j + 185. Calculate l(15).
5
Let v(p) = -7*p**3 - p**2 + p + 1. Calculate v(-1).
6
Let g(d) = -d**3 - 28*d**2 + 31*d + 72. Determine g(-29).
14
Let l(j) = -j**3 - 12*j**2 - 40*j - 18. Give l(-5).
7
Let y(x) = -x**3 - 13*x**2 + 9*x - 52. Determine y(-14).
18
Let y(n) = n**2 - 20*n + 48. What is y(19)?
29
Let s(r) = r**3 - 2*r**2 - 3*r + 13. Determine s(4).
33
Let b(f) = -f**3 + 24*f**2 - 6*f + 37. Give b(24).
-107
Let r(f) = -f**2 - 7*f. What is r(-9)?
-18
Let o(r) = -3*r - 12. Determine o(-10).
18
Let d(j) = -j**3 + 6*j**2 - 15*j + 52. Determine d(5).
2
Let v(c) = -c - 30. Determine v(-17).
-13
Let a(s) = 7*s**3 - 3*s**2 - 6*s - 4. Give a(-1).
-8
Let v(d) = d**2 + 2*d + 3. What is v(0)?
3
Let a(j) = j - 9. Determine a(-7).
-16
Let k(n) = 4*n + 15. Determine k(-10).
-25
Let a(u) = 3*u + 60. Determine a(-21).
-3
Let s(x) = 18*x + 20. Calculate s(-6).
-88
Let c(a) = -a - 11. Determine c(-13).
2
Let r(l) = l**3 + 8*l**2 - 2*l - 9. What is r(-8)?
7
Let f(k) = -k**2 + 10*k + 5. What is f(11)?
-6
Let a(h) = -h**2 - 29*h + 66. Determine a(-32).
-30
Let a(g) = g**3 + 15*g**2 - 5*g + 12. Calculate a(-16).
-164
Let t(l) = l**3 + 2*l**2 - 25*l - 3. Give t(-6).
3
Let a(w) = -w**3 + 47*w**2 + 204*w - 3. What is a(51)?
-3
Let t(q) = q - 10. Calculate t(14).
4
Let s(w) = -w**3 - 9*w**2 + 7*w + 11. Determine s(-10).
41
Let b(c) = -8*c - 124. What is b(-15)?
-4
Let f(w) = w + 3. Determine f(1).
4
Let h(m) = m**3 - 7*m**2 + m + 4. Give h(3).
-29
Let i(q) = q**3 - 3*q**2 - 17*q + 8. Determine i(6).
14
Let u(x) = 28*x + 1. Calculate u(1).
29
Let z(b) = -b - 1. What is z(-19)?
18
Let n(i) = i**3 + 14*i**2 + 2*i + 17. Calculate n(-14).
-11
Let h(q) = q**3 + 6*q**2 - 7*q - 7. What is h(-7)?
-7
Let x(j) = j**2 + 50. Determine x(0).
50
Let q(t) = -t**3 - 15*t**2 - 19*t - 62. Calculate q(-14).
8
Let b(d) = 5*d**2 - 4*d - 16. Give b(4).
48
Let k(s) = s**3 + 15*s**2 + 13*s - 8. Calculate k(-14).
6
Let a(w) = w**3 + 11*w**2 + w + 6. Give a(-11).
-5
Let j(b) = 2*b**3 + 3*b**2 - 6. Calculate j(-2).
-10
Let k(t) = -2*t + 8. What is k(4)?
0
Let m(i) = i**3 - 19*i**2 - 42*i + 2. Give m(21).
2
Let h(r) = -r**3 - 4*r**2 - r. What is h(1)?
-6
Let a(m) = -4*m - 17. Calculate a(-4).
-1
Let l(r) = r**2 + 23*r + 49. What is l(-21)?
7
Let b(i) = -i**2 - 9*i + 6. Give b(-8).
14
Let v(f) = f**2 - f - 18. Calculate v(0).
-18
Let l(d) = -d**2 - 3*d - 7. Give l(-4).
-11
Let t(d) = -d**3 + 2*d**2 + 13*d - 5. Determine t(5).
-15
Let q(v) = v**3 - 9*v**2 + 6*v + 25. Give q(8).
9
Let d(t) = -13*t + 130. Determine d(10).
0
Let b(a) = 2*a**2 + 3*a + 1. Determine b(4).
45
Let b(k) = -k - 10. Give b(-15).
5
Let c(a) = a**2 + 5*a. Determine c(-5).
0
Let l(y) = -8*y - 206. Calculate l(-22).
-30
Let v(z) = -z**2 - 16*z - 32. Calculate v(-12).
16
Let h(x) = 5*x - 23. Calculate h(6).
7
Let y(u) = -7*u - 70. Calculate y(-11).
7
Let s(h) = -5*h - 1. What is s(-2)?
9
Let a(i) = 5*i**2 + 3*i + 2. Determine a(-2).
16
Let d(n) = 3*n - 54. What is d(15)?
-9
Let u(l) = l**3 - 5*l**2 + 3*l + 8. Determine u(4).
4
Let p(l) = -2*l**3 - 11*l**2 + 15*l + 15. Determine p(-6).
-39
Let w(m) = m**3 + 4*m**2 + 3. Determine w(-4).
3
Let a(n) = -n**3 - 22*n**2 + 2*n + 39. Give a(-22).
-5
Let i(n) = -3*n**2 - 13*n + 1. Calculate i(-1).
11
Let z(m) = -m**3 + 12*m**2 - 11*m + 16. Calculate z(11).
16
Let g(o) = o - 7. Calculate g(-11).
-18
Let r(a) = a**2 - 5*a + 1. Determine r(-1).
7
Let i(g) = 12*g**2 + 85*g + 10. Determine i(-7).
3
Let b(d) = -d**3 - 10*d**2 - d - 22. Calculate b(-10).
-12
Let v(y) = y**2 + 13*y - 12. Give v(-11).
-34
Let z(o) = o**2 - 9. Calculate z(4).
7
Let u(p) = p**3 + 5*p**2 - 12*p - 30. Give u(-6).
6
Let r(v) = -4*v + 32. Give r(7).
4
Let x(d) = d**2 - 11*d + 22. Give x(7).
-6
Let k(v) = v**2 - 43*v + 160. What is k(39)?
4
Let j(k) = -140*k**3 + 1. Calculate j(-1).
141
Let n(c) = 8*c**2 - 1. Calculate n(-2).
31
Let n(c) = c**3 + 9*c**2 + 7*c + 11. Calculate n(-8).
19
Let k(b) = 8*b**2 - 96*b - 1. Give k(12).
-1
Let g(p) = -p**2 + 18*p - 8. What is g(18)?
-8
Let y(f) = -2*f**2 + 28*f - 28. Determine y(15).
-58
Let c(x) = 3*x**2 - 29*x + 18. What is c(9)?
0
Let h(f) = 2*f - 8. Calculate h(3).
-2
Let i(g) = -9*g - 20. Give i(-2).
-2
Let i(v) = v**2 + 2*v. Give i(0).
0
Let m(z) = -z**2 - 27*z + 25. What is m(-28)?
-3
Let u(x) = x + 8. Give u(6).
14
Let x(g) = -g**2 - 11*g + 25. Calculate x(-13).
-1
Let k(l) = -l**3 - 4*l**2 + 34*l + 10. Determine k(-8).
-6
Let r(m) = 22*m + 3. Determine r(2).
47
Let g(x) = -2*x + 10. Calculate g(15).
-20
Let n(t) = t**3 - 5*t**2 - t - 1. What is n(5)?
-6
Let n(z) = z**2 - 7*z - 22. Calculate n(8).
-14
Let w(u) = 6*u**2 - 7*u - 2. Give w(4).
66
Let t(c) = 15*c**3 - c**2 + 2*c - 1. Give t(1).
15
Let w(i) = -2*i**2 - 7*i + 43. What is w(-7)?
-6
Let h(o) = -4*o + 45. Give h(-5).
65
Let n(v) = -v**3 + 7*v**2 + 12. Calculate n(7).
12
Let t(z) = z + 20. What is t(-12)?
8
Let p(c) = 28*c + 5. Calculate p(-1).
-23
Let i(c) = 3*c**2 + 7*c - 11. What is i(4)?
65
Let g(z) = 10*z + 81. Give g(-6).
21
Let u(k) = -2*k**2 - 40*k - 160. Give u(-5).
-10
Let z(c) = -4*c**2 + 8*c - 11. What is z(3)?
-23
Let d(u) = -u**3 + 8*u**2 - 14*u + 15. What is d(7)?
-34
Let k(q) = -17*q - 555. Give k(-32).
-11
Let i(x) = -x**2 + 11*x + 2. Calculate i(12).
-10
Let l(i) = -4*i + 6. Calculate l(0).
6
Let v(w) = w**3 - 16*w**2 + 13*w + 16. Give v(15).
-14
Let j(r) = -r**2 - 7*r. Determine j(-4).
12
Let y(c) = c**2 - 37*c - 22. Determine y(37).
-22
Let v(g) = 4*g - 111. Determine v(26).
-7
Let f(g) = -g**3 + 10*g**2 - 15*g - 2. Calculate f(8).
6
Let p(g) = 2*g**2 + 21*g + 16. Give p(-11).
27
Let s(v) = -6*v**2 + 12*v + 26. Determine s(-2).
-22
Let q(l) = l**3 + 4*l**2 - 15*l - 9. Determine q(-6).
9
Let s(h) = -h**2 - 3*h + 10. Calculate s(4).
-18
Let a(n) = 14*n - 103. Calculate a(9).
23
Let p(q) =